-- https://www.phpmyadmin.net/
--
-- Hôte : 127.0.0.1:3306
-- Généré le : mar. 10 mai 2022 à 11:39
-- Version du serveur : 8.0.27
-- Version de PHP : 7.4.26

START TRANSACTION;



--
-- Base de données : `insr`
--

-- --------------------------------------------------------

--
-- Structure de la table `annee`
--

CREATE TABLE IF NOT EXISTS `annee` (
  `id` int NOT NULL AUTO_INCREMENT,
  `intitule` varchar(9) CHARACTER SET utf8mb4 COLLATE utf8mb4_unicode_ci NOT NULL,
  `date_debut` date NOT NULL,
  `date_fin` date NOT NULL,
  `active` varchar(2) CHARACTER SET utf8mb4 COLLATE utf8mb4_unicode_ci DEFAULT NULL,
  PRIMARY KEY (`id`)
) ENGINE=InnoDB AUTO_INCREMENT=10 DEFAULT CHARSET=utf8mb4 COLLATE=utf8mb4_unicode_ci;

--
-- Déchargement des données de la table `annee`
--

INSERT INTO `annee` (`id`, `intitule`, `date_debut`, `date_fin`, `active`) VALUES
(1, '2020-2021', '2020-09-01', '2021-09-01', ''),
(2, '2021-2022', '2021-09-01', '2022-09-01', 'AC');

-- --------------------------------------------------------

--
-- Structure de la table `centre`
--

CREATE TABLE IF NOT EXISTS `centre` (
  `id` int NOT NULL AUTO_INCREMENT,
  `nom` varchar(50) CHARACTER SET utf8mb4 COLLATE utf8mb4_unicode_ci NOT NULL,
  PRIMARY KEY (`id`)
) ENGINE=InnoDB AUTO_INCREMENT=3 DEFAULT CHARSET=utf8mb4 COLLATE=utf8mb4_unicode_ci;

--
-- Déchargement des données de la table `centre`
--

INSERT INTO `centre` (`id`, `nom`) VALUES
(1, 'Caen'),
(2, 'Rouen');

-- --------------------------------------------------------

--
-- Structure de la table `cours`
--

CREATE TABLE IF NOT EXISTS `cours` (
  `id` int NOT NULL AUTO_INCREMENT,
  `centre_id` int DEFAULT NULL,
  `annee_id` int NOT NULL,
  `enseignant_id` int DEFAULT NULL,
  `suppleant_id` int DEFAULT NULL,
  `lieu_id` int DEFAULT NULL,
  `intitule` varchar(100) CHARACTER SET utf8mb4 COLLATE utf8mb4_unicode_ci NOT NULL,
  `periode` varchar(1) CHARACTER SET utf8mb4 COLLATE utf8mb4_unicode_ci DEFAULT NULL,
  `credit` int DEFAULT NULL,
  `volume_hres` double DEFAULT NULL,
  `nb_seances` int DEFAULT NULL,
  `observations` varchar(150) CHARACTER SET utf8mb4 COLLATE utf8mb4_unicode_ci DEFAULT NULL,
  `actif` varchar(2) CHARACTER SET utf8mb4 COLLATE utf8mb4_unicode_ci NOT NULL,
  PRIMARY KEY (`id`),
  KEY `IDX_FDCA8C9C463CD7C3` (`centre_id`),
  KEY `IDX_FDCA8C9C543EC5F0` (`annee_id`),
  KEY `IDX_FDCA8C9CE455FCC0` (`enseignant_id`),
  KEY `IDX_FDCA8C9C67A3C51B` (`suppleant_id`),
  KEY `IDX_FDCA8C9C6AB213CC` (`lieu_id`)
) ENGINE=InnoDB AUTO_INCREMENT=39 DEFAULT CHARSET=utf8mb4 COLLATE=utf8mb4_unicode_ci;

--
-- Déchargement des données de la table `cours`
--

INSERT INTO `cours` (`id`, `centre_id`, `annee_id`, `enseignant_id`, `suppleant_id`, `lieu_id`, `intitule`, `periode`, `credit`, `volume_hres`, `nb_seances`, `observations`, `actif`) VALUES
(1, 1, 1, 2, NULL, 1, 'Historique de la querelle sur la Grâce', '2', 1, 6, 4, NULL, 'AC'),
(2, 1, 1, 3, 9, 1, 'Grâce et Liberté', '2', 3, 15, 5, NULL, 'IN'),
(3, 1, 1, 4, NULL, 2, 'Les sacrements - Généralités', '2', 1, 6, 4, NULL, 'IN'),
(4, 1, 2, 2, NULL, 1, 'La Foi, l’Espérance et la Charité', '2', 1, 6, 4, NULL, 'AC'),
(5, 1, 2, 3, 9, 1, 'Atelier Ecrit Professionnel', '2', 3, 15, 5, NULL, 'AC'),
(6, 1, 2, 4, NULL, 1, 'Les écrivains russes et la Foi', '2', 1, 6, 4, NULL, 'AC'),
(7, 1, 2, 3, NULL, 2, 'Le livre de l’Exode, un livre à découvrir pendant le Carême', '2', 1, 1, 2, NULL, 'AC'),
(8, 1, 2, 11, NULL, 1, 'Atelier Ecrit Professionnel', '2', 3, 1, 3, NULL, 'AC'),
(9, 2, 2, 11, NULL, 3, 'Atelier Ecrit Professionnel', '2', 3, 1, 3, NULL, 'AC'),
(10, 1, 2, 7, NULL, 1, 'Découvrir la Bible à partir de la lecture des Actes des Apôtres - TD', '1', 2, 6, 1, NULL, 'AC'),
(11, 1, 2, 7, NULL, 1, 'Découvrir la Bible à partir de la lecture des Actes des Apôtres - Cours', '1', 4, 1, 2, NULL, 'AC'),
(12, 1, 2, 8, NULL, 1, 'Le Mystère Pascal chez les Pères de l’Eglise', '2', 1, 1, 2, NULL, 'AC'),
(13, 1, 2, 3, NULL, 2, 'Cours décentralisé Flers', '1', 1, 1, 0, NULL, 'AC'),
(14, 1, 2, 2, NULL, 4, 'Règle de Saint Benoit et Management - le Temps', '1', 3, 1, 7, NULL, 'AC'),
(15, 1, 2, 2, NULL, 4, 'Règle de Saint Benoit et Management - la Gouvernance', '2', 2, 1, 7, NULL, 'AC'),
(16, 1, 2, 2, NULL, 4, 'Règle de Saint Benoit et Management - l’Ecoute', '2', 2, 1, 7, NULL, 'AC'),
(17, 1, 2, 9, NULL, 1, 'Les mutations du christianisme contemporain', '2', 4, 1, 2, NULL, 'AC'),
(18, 1, 2, 6, 11, 1, 'Discerner dans la paix', '1', 1, 1, 6, NULL, 'AC'),
(19, 2, 2, 10, NULL, 3, 'Les sacrements, actes de Christ pour aujourd’hui TD', '2', 2, 6, 12, NULL, 'AC'),
(20, 2, 2, 10, NULL, 3, 'Les sacrements, actes de Christ pour aujourd’hui cours', '2', 4, 12, 24, NULL, 'AC'),
(21, 2, 2, 12, NULL, 3, 'La doctrine sociale de l’Église confrontée aux mutations de la société TD', '1', 2, 6, 12, NULL, 'AC'),
(22, 1, 2, 11, NULL, 1, 'Théologie morale familiale : les enjeux théologiques et pastoraux d’Amoris Laetitia - TD', '1', 2, 1, 2, NULL, 'AC'),
(23, 1, 2, 11, NULL, 1, 'Théologie morale familiale : les enjeux théologiques et pastoraux d’Amoris Laetitia - cours', '1', 4, 1, 4, NULL, 'AC'),
(24, 1, 2, 11, NULL, 1, 'Méthodologie S1', '1', 1, 1, 1, NULL, 'AC'),
(25, 1, 2, 1, NULL, 1, 'Méthodologie S2', '2', 1, 1, 3, NULL, 'AC'),
(26, 1, 2, 3, NULL, 2, 'Anges et démons', '1', 1, 1, 7, NULL, 'AC'),
(27, 2, 2, 1, NULL, 3, 'Philosophie et espace religieux cours', '1', 2, 6, 12, NULL, 'AC'),
(28, 2, 2, 13, NULL, 3, 'Philosophie moderne cours', '1', 4, 12, 24, NULL, 'AC'),
(29, 1, 2, 5, NULL, 1, 'Sociologie des faits religieux', '2', 2, 4, 12, NULL, 'AC'),
(30, 1, 2, 4, NULL, 1, 'Les grands pédagogues et leurs apports à l’école d’aujourd’hui', '1', 3, 1, 3, NULL, 'AC'),
(31, 2, 2, 4, NULL, 3, 'Les grands pédagogues et leurs apports à l’école d’aujourd’hui', '1', 3, 1, 3, NULL, 'AC'),
(32, 1, 2, 8, NULL, 1, 'Patristique : histoire et théologie TD', '2', 2, 6, 9, NULL, 'AC'),
(33, 1, 2, 8, NULL, 1, 'Patristique : histoire et théologie cours', '2', 4, 13, 23, NULL, 'AC'),
(34, 1, 2, 4, NULL, 1, 'Techniques d’animation', '2', 2, 1, 3, NULL, 'AC'),
(35, 2, 2, 4, NULL, 3, 'Techniques d’animation', '2', 2, 1, 3, NULL, 'AC'),
(36, 2, 2, 11, NULL, 3, 'Théologie pastorale', '1', 2, 6, 11, NULL, 'AC'),
(37, 2, 2, 8, NULL, 1, 'Problématiques catéchétiques contemporaines', 'a', 3, 1, 3, NULL, 'AC'),
(38, 2, 2, 2, NULL, 3, 'Gestion de Projet', '2', 1, 1, 3, NULL, 'AC');

-- --------------------------------------------------------

--
-- Structure de la table `date_envoi_facture`
--

CREATE TABLE IF NOT EXISTS `date_envoi_facture` (
  `id` int NOT NULL AUTO_INCREMENT,
  `date_envoi` date NOT NULL,
  PRIMARY KEY (`id`)
) ENGINE=InnoDB DEFAULT CHARSET=utf8mb4 COLLATE=utf8mb4_unicode_ci;

-- --------------------------------------------------------

--
-- Structure de la table `diocese`
--

CREATE TABLE IF NOT EXISTS `diocese` (
  `id` int NOT NULL AUTO_INCREMENT,
  `nom` varchar(50) CHARACTER SET utf8mb4 COLLATE utf8mb4_unicode_ci NOT NULL,
  PRIMARY KEY (`id`)
) ENGINE=InnoDB AUTO_INCREMENT=8 DEFAULT CHARSET=utf8mb4 COLLATE=utf8mb4_unicode_ci;

--
-- Déchargement des données de la table `diocese`
--

INSERT INTO `diocese` (`id`, `nom`) VALUES
(1, 'Bayeux-Lisieux'),
(2, 'Coutances-Avranches'),
(3, 'Sées'),
(4, 'Rouen'),
(5, 'Le Havre'),
(6, 'Evreux'),
(7, 'Autre');

-- --------------------------------------------------------

--
-- Structure de la table `doctrine_migration_versions`
--

CREATE TABLE IF NOT EXISTS `doctrine_migration_versions` (
  `version` varchar(191) CHARACTER SET utf8 COLLATE utf8_unicode_ci NOT NULL,
  `executed_at` datetime DEFAULT NULL,
  `execution_time` int DEFAULT NULL,
  PRIMARY KEY (`version`)
) ENGINE=InnoDB DEFAULT CHARSET=utf8mb3 COLLATE=utf8_unicode_ci;

--
-- Déchargement des données de la table `doctrine_migration_versions`
--

INSERT INTO `doctrine_migration_versions` (`version`, `executed_at`, `execution_time`) VALUES
('DoctrineMigrations\\Version20220326170400', '2022-03-26 17:04:35', 141),
('DoctrineMigrations\\Version20220331210820', '2022-03-31 21:09:02', 448),
('DoctrineMigrations\\Version20220417203551', '2022-04-17 20:43:45', 168);

-- --------------------------------------------------------

--
-- Structure de la table `enseignant`
--

CREATE TABLE IF NOT EXISTS `enseignant` (
  `id` int NOT NULL AUTO_INCREMENT,
  `lieu_exclusif_id` int DEFAULT NULL,
  `titre` varchar(5) CHARACTER SET utf8mb4 COLLATE utf8mb4_unicode_ci DEFAULT NULL,
  `prenom` varchar(40) CHARACTER SET utf8mb4 COLLATE utf8mb4_unicode_ci NOT NULL,
  `nom` varchar(40) CHARACTER SET utf8mb4 COLLATE utf8mb4_unicode_ci NOT NULL,
  `mail_perso` varchar(50) CHARACTER SET utf8mb4 COLLATE utf8mb4_unicode_ci DEFAULT NULL,
  `mail_pro` varchar(50) CHARACTER SET utf8mb4 COLLATE utf8mb4_unicode_ci DEFAULT NULL,
  `num_tel` varchar(14) CHARACTER SET utf8mb4 COLLATE utf8mb4_unicode_ci DEFAULT NULL,
  `num_por` varchar(14) CHARACTER SET utf8mb4 COLLATE utf8mb4_unicode_ci DEFAULT NULL,
  `num_pro` varchar(14) CHARACTER SET utf8mb4 COLLATE utf8mb4_unicode_ci DEFAULT NULL,
  `adresse1` varchar(50) CHARACTER SET utf8mb4 COLLATE utf8mb4_unicode_ci DEFAULT NULL,
  `adresse2` varchar(50) CHARACTER SET utf8mb4 COLLATE utf8mb4_unicode_ci DEFAULT NULL,
  `adresse3` varchar(50) CHARACTER SET utf8mb4 COLLATE utf8mb4_unicode_ci DEFAULT NULL,
  `cp` varchar(5) CHARACTER SET utf8mb4 COLLATE utf8mb4_unicode_ci DEFAULT NULL,
  `ville` varchar(50) CHARACTER SET utf8mb4 COLLATE utf8mb4_unicode_ci DEFAULT NULL,
  `observations` varchar(150) CHARACTER SET utf8mb4 COLLATE utf8mb4_unicode_ci DEFAULT NULL,
  `competences` longtext CHARACTER SET utf8mb4 COLLATE utf8mb4_unicode_ci,
  `actif` varchar(5) CHARACTER SET utf8mb4 COLLATE utf8mb4_unicode_ci DEFAULT NULL,
  PRIMARY KEY (`id`),
  KEY `IDX_81A72FA1A1E07A99` (`lieu_exclusif_id`)
) ENGINE=InnoDB AUTO_INCREMENT=16 DEFAULT CHARSET=utf8mb4 COLLATE=utf8mb4_unicode_ci;

--
-- Déchargement des données de la table `enseignant`
--

INSERT INTO `enseignant` (`id`, `lieu_exclusif_id`, `titre`, `prenom`, `nom`, `mail_perso`, `mail_pro`, `num_tel`, `num_por`, `num_pro`, `adresse1`, `adresse2`, `adresse3`, `cp`, `ville`, `observations`, `competences`, `actif`) VALUES
(1, NULL, 'Mme', 'Christine', 'BEAUFILS', 'christiane@bonfils.fr', 'bonfils-c@gmail.com', '01 02 03 04 05', NULL, NULL, NULL, NULL, NULL, NULL, NULL, NULL, 'Professeur de philosophie à la retraite, Mme Christine Beaufils est titulaire d’une maîtrise et d’un CAPES de Philosophie', 'AC'),
(2, NULL, 'Mr', 'Albert', 'CHARDIN', 'albert@chardin.fr', 'chardin-a@gmail.fr', '02 03 04 05 06', '06 07 08 09 10', '03 04 05 06', '1, av du Paradis', 'Bât B', 'Appt 35b', '14000', 'Caen', 'Cours seulement le matin', 'Ingénieur et Manager depuis plus de 25 ans, Albert CHARDIN (www.smartcoach.fr) est formateur et coach depuis 2013. Il intervient au CET depuis 2016 sur des thématiques managériales, relationnelles et interpersonnelles.', 'AC'),
(3, 2, 'Père', 'Pascal', 'DENIDEN', 'pascal@deniden.fr', 'deniden-p@wanadoo.fr', NULL, NULL, NULL, NULL, NULL, NULL, NULL, NULL, NULL, 'Titulaire d’un Master II (licence canonique) en théologie depuis 2017, Pascal DENIDEN, Recteur du Sanctuaire de Montligeon (61), enseigne la théologie dogmatique au CET depuis 2020.', 'AC'),
(4, NULL, 'Mr', 'Jean-Michel', 'LECOMPTABLE', NULL, NULL, NULL, NULL, NULL, NULL, NULL, NULL, NULL, NULL, NULL, 'Titulaire d’une thèse en sciences de l’éducation et d’un titre de formateur d’enseignants et de cadres supérieurs pédagogiques, Jean-Marie Leconnétable a approfondi durant toute sa carrière les questions de pédagogie, en travaillant notamment à l’ISFEC-Normandie. Il donne à l’INSR le cours sur les grands pédagogues au service de l’enseignement.', 'AC'),
(5, NULL, 'Père', 'Florian', 'ACACHOU', NULL, NULL, NULL, NULL, NULL, NULL, NULL, NULL, NULL, NULL, NULL, 'Franco-béninois, Florian ACACHOU est titulaire d’un master en Sciences de l’éducation à l’Institut supérieur de pédagogie (Institut catholique de Paris), d’un master en communication politique et discours publique ainsi que d’un doctorat en Sciences Sociales à l’UPEC (Université Paris-Est-Créteil) obtenu en 2013. Prêtre dans le Diocèse de Bayeux et Lisieux, il est principalement enseignant-chercheur à l’UPEC en sociologie-anthropologie-psychologie. Il donne le cours d’introduction à la sociologie au CET et à l’INSR depuis l’année scolaire 2019/2020.', 'IN'),
(6, NULL, 'Mgr', 'Basile', 'POTDEAU', NULL, NULL, NULL, NULL, NULL, NULL, NULL, NULL, NULL, NULL, NULL, 'Nommé Missionnaire de la Miséricorde par le Pape François, Mgr Basile Potdeau est prêtre de Saint-François de Sales. Nommé par la Congrégation romaine des Instituts de Vie Consacrée, Assistant des monastères de la Visitation en France, il est vicaire épiscopal pour le diocèse de Lille. Prédicateur sur France Culture et commentateur d’évangile à La Croix, il fut porte-parole des évêques de France (2009-2015).', 'AC'),
(7, 1, 'Père', 'Pascal', 'LÉONIEN', NULL, NULL, NULL, NULL, NULL, NULL, NULL, NULL, NULL, NULL, NULL, 'Titulaire d’une licence canonique en sciences bibliques (Master II), Pascal LEONIEN donne des cours d’Ecriture sainte au CETH depuis 1993. Il a été directeur du CETH de 2004 à 2007 et membre de l’équipe pédagogique jusqu’en septembre 2020. Il est prêtre du diocèse de Coutances dans la Manche.', 'AC'),
(8, NULL, 'Père', 'Norbert', 'COURSEE', NULL, NULL, NULL, NULL, NULL, NULL, NULL, NULL, NULL, NULL, NULL, 'Titulaire d’une Maitrise de théologie, Norbert COURSEE est prêtre du diocèse de Coutances dans la Manche, il enseigne la Patristique au CET depuis 2004 et participe à l’équipe pédagogique depuis 2014.', 'AC'),
(9, NULL, 'Frère', 'Damien-Marie', 'DAUSSOU', NULL, NULL, NULL, NULL, NULL, NULL, NULL, NULL, NULL, NULL, NULL, 'Docteur en Histoire des Religions et titulaire d’une licence canonique (Master II) de théologie, le fr Damien-Marie DAUSSOU, chanoine régulier de Saint Augustin, enseigne tout aussi bien l’histoire que la spiritualité ou la liturgie.', 'IN'),
(10, NULL, 'Père', 'Hubert', 'DELAPLUIE', NULL, NULL, NULL, NULL, NULL, NULL, NULL, NULL, NULL, NULL, NULL, 'Prêtre du diocèse de Rouen depuis 2005 le Père Hubert Delapluie est titulaire d’un Doctorat de Théologie obtenu en 2019 Il enseigne à l’INSR depuis 2020.', 'AC'),
(11, NULL, 'Melle', 'Nadine', 'LENNO', NULL, NULL, NULL, NULL, NULL, NULL, NULL, NULL, NULL, NULL, NULL, 'Titulaire d’une licence canonique (Master II) en théologie morale, Nadine Lenno enseigne la théologie morale au CET depuis 2011 et la théologie pastorale depuis 2020. Elle dirige le CETH depuis 2013 et l’INSR depuis 2020.', 'AC'),
(12, NULL, 'Soeur', 'Magalie', 'SORUNI', NULL, NULL, NULL, NULL, NULL, NULL, NULL, NULL, NULL, NULL, NULL, 'Infirmière de formation, Sr Magalie Soruni est titulaire d’une licence canonique option théologie morale obtenue en 2006.', 'AC'),
(13, NULL, 'Mr', 'Jean-Pierre', 'NICOLLAS', NULL, NULL, NULL, NULL, NULL, NULL, NULL, NULL, NULL, NULL, NULL, 'Jean-Pierre Nicolas est agrégé de Philosophie et Docteur en philosophie. Il a été professeur au lycée Jeanne-d’Arc de Rouen. Il est l’auteur de nombreux ouvrages de vulgarisation mais aussi spécialisés, notamment sur Nicolas de Cues ; Il assure cette année à l’INSR le cours de Philosophie moderne.', 'AC');

-- --------------------------------------------------------

--
-- Structure de la table `etudiant`
--

CREATE TABLE IF NOT EXISTS `etudiant` (
  `id` int NOT NULL AUTO_INCREMENT,
  `diocese_id` int DEFAULT NULL,
  `titre` varchar(5) CHARACTER SET utf8mb4 COLLATE utf8mb4_unicode_ci DEFAULT NULL,
  `prenom` varchar(40) CHARACTER SET utf8mb4 COLLATE utf8mb4_unicode_ci NOT NULL,
  `nom` varchar(40) CHARACTER SET utf8mb4 COLLATE utf8mb4_unicode_ci NOT NULL,
  `mail_perso` varchar(50) CHARACTER SET utf8mb4 COLLATE utf8mb4_unicode_ci DEFAULT NULL,
  `mail_pro` varchar(50) CHARACTER SET utf8mb4 COLLATE utf8mb4_unicode_ci DEFAULT NULL,
  `num_tel` varchar(14) CHARACTER SET utf8mb4 COLLATE utf8mb4_unicode_ci DEFAULT NULL,
  `num_por` varchar(14) CHARACTER SET utf8mb4 COLLATE utf8mb4_unicode_ci DEFAULT NULL,
  `num_pro` varchar(14) CHARACTER SET utf8mb4 COLLATE utf8mb4_unicode_ci DEFAULT NULL,
  `adresse1` varchar(50) CHARACTER SET utf8mb4 COLLATE utf8mb4_unicode_ci DEFAULT NULL,
  `adresse2` varchar(50) CHARACTER SET utf8mb4 COLLATE utf8mb4_unicode_ci DEFAULT NULL,
  `adresse3` varchar(50) CHARACTER SET utf8mb4 COLLATE utf8mb4_unicode_ci DEFAULT NULL,
  `cp` varchar(5) CHARACTER SET utf8mb4 COLLATE utf8mb4_unicode_ci DEFAULT NULL,
  `ville` varchar(50) CHARACTER SET utf8mb4 COLLATE utf8mb4_unicode_ci DEFAULT NULL,
  `ann_naiss` varchar(4) CHARACTER SET utf8mb4 COLLATE utf8mb4_unicode_ci DEFAULT NULL,
  `demande_partic` varchar(150) CHARACTER SET utf8mb4 COLLATE utf8mb4_unicode_ci DEFAULT NULL,
  `poste_stage` varchar(50) CHARACTER SET utf8mb4 COLLATE utf8mb4_unicode_ci DEFAULT NULL,
  `observations` varchar(150) CHARACTER SET utf8mb4 COLLATE utf8mb4_unicode_ci DEFAULT NULL,
  `actif` varchar(5) CHARACTER SET utf8mb4 COLLATE utf8mb4_unicode_ci DEFAULT NULL,
  PRIMARY KEY (`id`),
  KEY `IDX_717E22E3B600009` (`diocese_id`)
) ENGINE=InnoDB AUTO_INCREMENT=21 DEFAULT CHARSET=utf8mb4 COLLATE=utf8mb4_unicode_ci;

--
-- Déchargement des données de la table `etudiant`
--

INSERT INTO `etudiant` (`id`, `diocese_id`, `titre`, `prenom`, `nom`, `mail_perso`, `mail_pro`, `num_tel`, `num_por`, `num_pro`, `adresse1`, `adresse2`, `adresse3`, `cp`, `ville`, `ann_naiss`, `demande_partic`, `poste_stage`, `observations`, `actif`) VALUES
(1, 1, 'Mme', 'Michelle', 'ALBERT', 'michelle@albert.fr', 'albert-m@gmail.com', '09 08 07 06 05', '07 07 07 07 07', '02 89 56 23 01', '4, Place de la Providence', NULL, NULL, '14000', 'CAEN', '1960', 'Accès Fauteuil roulant', '2° année', 'Passionnée de théodicée', 'AC'),
(2, NULL, 'Mme', 'Alexandra', 'ALEXIA', 'alexandra@alexia.fr', 'alexia-a@gmail.com', '02 31 74 64 54', '06 36 74 64 54', '02 51 84 95 62', '14, Rue Chargée', 'Lotissement du Sud', 'Appt 15', '14000', 'IF', '1970', NULL, NULL, NULL, 'IN'),
(3, 1, 'Mme', 'Marie-Claude', 'ALLAIRE', 'marieclaude@allaire.fr', 'allaire-mc@gmail.com', '02 31 37 36 35', '07 37 77 67 57', '02 79 46 13 98', '24, Bd des Erables', NULL, NULL, '14000', 'HEROUVILLE SAINT CLAIR', '1950', NULL, NULL, NULL, 'AC'),
(4, NULL, 'Mr', 'Gaston', 'LETUDIANT', 'gaston@letudiant.fr', 'letudiant-g@gmail.com', '02 31 02 01 04', '06 38 78 68 58', '02 78 45 12 03', '34, Av du Buisson', NULL, NULL, '14000', 'MONDEVILLE', '1980', NULL, NULL, 'Préparation de thèse', 'AC'),
(5, NULL, 'Mr', 'Sébastien', 'DUPONT', 'seb.dupont@yahoo.fr', NULL, NULL, NULL, NULL, NULL, NULL, NULL, NULL, NULL, '1970', NULL, NULL, NULL, 'AC'),
(6, 1, 'Frère', 'François', 'LEPAUVRE', 'f.lepauvre@laposte.fr', NULL, NULL, NULL, NULL, NULL, NULL, NULL, NULL, NULL, '2001', NULL, NULL, NULL, 'AC');

-- --------------------------------------------------------

--
-- Structure de la table `inscription`
--

CREATE TABLE IF NOT EXISTS `inscription` (
  `id` int NOT NULL AUTO_INCREMENT,
  `centre_id` int NOT NULL,
  `cours_id` int NOT NULL,
  `etudiant_id` int NOT NULL,
  `type_tarif_id` int NOT NULL,
  `organisme_id` int DEFAULT NULL,
  `date_inscription` date NOT NULL,
  `facture` varchar(5) CHARACTER SET utf8mb4 COLLATE utf8mb4_unicode_ci DEFAULT NULL,
  `validation` varchar(2) CHARACTER SET utf8mb4 COLLATE utf8mb4_unicode_ci DEFAULT NULL,
  PRIMARY KEY (`id`),
  KEY `IDX_5E90F6D6463CD7C3` (`centre_id`),
  KEY `IDX_5E90F6D67ECF78B0` (`cours_id`),
  KEY `IDX_5E90F6D6DDEAB1A3` (`etudiant_id`),
  KEY `IDX_5E90F6D6F8832DA5` (`type_tarif_id`),
  KEY `IDX_5E90F6D65DDD38F5` (`organisme_id`)
) ENGINE=InnoDB AUTO_INCREMENT=220 DEFAULT CHARSET=utf8mb4 COLLATE=utf8mb4_unicode_ci;

--
-- Déchargement des données de la table `inscription`
--

INSERT INTO `inscription` (`id`, `centre_id`, `cours_id`, `etudiant_id`, `type_tarif_id`, `organisme_id`, `date_inscription`, `facture`, `validation`) VALUES
(1, 1, 1, 3, 1, NULL, '2021-12-31', 'Non', NULL),
(2, 2, 4, 1, 3, NULL, '2021-12-31', 'Non', NULL),
(3, 2, 5, 1, 3, 1, '2021-12-31', 'Non', NULL),
(4, 1, 5, 3, 1, NULL, '2022-04-02', 'Non', NULL),
(5, 1, 6, 4, 1, 1, '2022-04-02', 'Non', NULL),
(6, 1, 6, 1, 1, NULL, '2022-04-02', 'Non', NULL),
(7, 1, 4, 1, 1, NULL, '2022-04-24', 'Non', NULL),
(8, 1, 5, 5, 2, NULL, '2022-04-24', 'Non', NULL),
(9, 1, 6, 5, 3, NULL, '2022-04-24', 'Non', NULL),
(10, 1, 4, 3, 2, NULL, '2022-05-05', 'Non', NULL);

-- --------------------------------------------------------

--
-- Structure de la table `intervenant`
--

CREATE TABLE IF NOT EXISTS `intervenant` (
  `id` int NOT NULL AUTO_INCREMENT,
  `titre` varchar(5) CHARACTER SET utf8mb4 COLLATE utf8mb4_unicode_ci DEFAULT NULL,
  `prenom` varchar(40) CHARACTER SET utf8mb4 COLLATE utf8mb4_unicode_ci NOT NULL,
  `nom` varchar(40) CHARACTER SET utf8mb4 COLLATE utf8mb4_unicode_ci NOT NULL,
  `mail_perso` varchar(50) CHARACTER SET utf8mb4 COLLATE utf8mb4_unicode_ci DEFAULT NULL,
  `mail_pro` varchar(50) CHARACTER SET utf8mb4 COLLATE utf8mb4_unicode_ci DEFAULT NULL,
  `num_tel` varchar(14) CHARACTER SET utf8mb4 COLLATE utf8mb4_unicode_ci DEFAULT NULL,
  `num_por` varchar(14) CHARACTER SET utf8mb4 COLLATE utf8mb4_unicode_ci DEFAULT NULL,
  `num_pro` varchar(14) CHARACTER SET utf8mb4 COLLATE utf8mb4_unicode_ci DEFAULT NULL,
  `adresse1` varchar(50) CHARACTER SET utf8mb4 COLLATE utf8mb4_unicode_ci DEFAULT NULL,
  `adresse2` varchar(50) CHARACTER SET utf8mb4 COLLATE utf8mb4_unicode_ci DEFAULT NULL,
  `adresse3` varchar(50) CHARACTER SET utf8mb4 COLLATE utf8mb4_unicode_ci DEFAULT NULL,
  `cp` varchar(5) CHARACTER SET utf8mb4 COLLATE utf8mb4_unicode_ci DEFAULT NULL,
  `ville` varchar(50) CHARACTER SET utf8mb4 COLLATE utf8mb4_unicode_ci DEFAULT NULL,
  `observations` varchar(150) CHARACTER SET utf8mb4 COLLATE utf8mb4_unicode_ci DEFAULT NULL,
  `actif` varchar(5) CHARACTER SET utf8mb4 COLLATE utf8mb4_unicode_ci DEFAULT NULL,
  PRIMARY KEY (`id`)
) ENGINE=InnoDB AUTO_INCREMENT=4 DEFAULT CHARSET=utf8mb4 COLLATE=utf8mb4_unicode_ci;

--
-- Déchargement des données de la table `intervenant`
--

INSERT INTO `intervenant` (`id`, `titre`, `prenom`, `nom`, `mail_perso`, `mail_pro`, `num_tel`, `num_por`, `num_pro`, `adresse1`, `adresse2`, `adresse3`, `cp`, `ville`, `observations`, `actif`) VALUES
(1, 'Mr', 'Hubert', 'de Broisssia', 'hubert@gmail.com', 'hubert@gmail.com', '02 31 01 02 03', '06 01 02 03 04', '02 31 04 05 06', 'Rue du Paradis', NULL, NULL, '14000', 'CAEN', 'Un type en or', 'AC'),
(2, 'Mr', 'Gaston', 'Legentil', NULL, NULL, '02 98 65 32 00', NULL, NULL, 'Allée des Lilas', NULL, NULL, '14000', 'CAEN', NULL, 'IN'),
(3, NULL, 'Claude', 'SECRETAIRE', NULL, NULL, NULL, NULL, NULL, NULL, NULL, NULL, NULL, NULL, NULL, 'AC');

-- --------------------------------------------------------

--
-- Structure de la table `lieu`
--

CREATE TABLE IF NOT EXISTS `lieu` (
  `id` int NOT NULL AUTO_INCREMENT,
  `intitule` varchar(40) CHARACTER SET utf8mb4 COLLATE utf8mb4_unicode_ci NOT NULL,
  `adresse1` varchar(50) CHARACTER SET utf8mb4 COLLATE utf8mb4_unicode_ci DEFAULT NULL,
  `adresse2` varchar(50) CHARACTER SET utf8mb4 COLLATE utf8mb4_unicode_ci DEFAULT NULL,
  `adresse3` varchar(50) CHARACTER SET utf8mb4 COLLATE utf8mb4_unicode_ci DEFAULT NULL,
  `cp` varchar(5) CHARACTER SET utf8mb4 COLLATE utf8mb4_unicode_ci DEFAULT NULL,
  `ville` varchar(50) CHARACTER SET utf8mb4 COLLATE utf8mb4_unicode_ci DEFAULT NULL,
  `contact_prenom` varchar(40) CHARACTER SET utf8mb4 COLLATE utf8mb4_unicode_ci DEFAULT NULL,
  `contact_nom` varchar(40) CHARACTER SET utf8mb4 COLLATE utf8mb4_unicode_ci DEFAULT NULL,
  `contact_tel` varchar(14) CHARACTER SET utf8mb4 COLLATE utf8mb4_unicode_ci DEFAULT NULL,
  `contact_mail` varchar(50) CHARACTER SET utf8mb4 COLLATE utf8mb4_unicode_ci DEFAULT NULL,
  `equipements_salles` longtext CHARACTER SET utf8mb4 COLLATE utf8mb4_unicode_ci,
  PRIMARY KEY (`id`)
) ENGINE=InnoDB AUTO_INCREMENT=5 DEFAULT CHARSET=utf8mb4 COLLATE=utf8mb4_unicode_ci;

--
-- Déchargement des données de la table `lieu`
--

INSERT INTO `lieu` (`id`, `intitule`, `adresse1`, `adresse2`, `adresse3`, `cp`, `ville`, `contact_prenom`, `contact_nom`, `contact_tel`, `contact_mail`, `equipements_salles`) VALUES
(1, 'CETH Caen', NULL, NULL, NULL, '14000', 'CAEN', 'Pauline', 'Chatellaine', '02 15 26 34 48', 'ceth-caen@ceth.fr', 'Une grande salle  pouvant recevoir des conférences avec public allant jusqu’à 500 personnes.\r\n7 salles de cours, équipées d’un équipement informatique avec système de projection, sonorisation (micro cravate léger).'),
(2, 'Maison Paroissiale Flers', NULL, NULL, NULL, '61100', 'FLERS', 'Pierre', 'Vassal', '02 32 59 67 80', 'paroisse-Flers@diocese_bayeux_caen.fr', 'Deux salles de cours, équipées de projecteurs.'),
(3, 'CETH ROUEN', NULL, NULL, NULL, '76000', 'ROUEN', 'Béatrice', 'Dupont', '02 32 59 67 80', 'ceth-calencon@ceth.fr', 'Deux grandes salles pouvant recevoir des conférences avec public allant jusqu’à 300 et 500 personnes.\r\n6 salles de cours, équipées de systèmes de projection, sonorisation (micro de bureau).'),
(4, 'Maison Paroissiale Caen', NULL, NULL, NULL, '14000', 'CAEN', 'Fabien', 'Lapotre', '02 31 50 64 43', 'paroisse-Saint-Pierre@diocese_bayeux_caen.fr', 'Deux salles de cours, équipées de projecteurs.');

-- --------------------------------------------------------

--
-- Structure de la table `moyen_paiement`
--

CREATE TABLE IF NOT EXISTS `moyen_paiement` (
  `id` int NOT NULL AUTO_INCREMENT,
  `designation` varchar(15) CHARACTER SET utf8mb4 COLLATE utf8mb4_unicode_ci NOT NULL,
  PRIMARY KEY (`id`)
) ENGINE=InnoDB AUTO_INCREMENT=6 DEFAULT CHARSET=utf8mb4 COLLATE=utf8mb4_unicode_ci;

--
-- Déchargement des données de la table `moyen_paiement`
--

INSERT INTO `moyen_paiement` (`id`, `designation`) VALUES
(1, 'Carte bancaire'),
(2, 'Chèque'),
(3, 'Espèces'),
(4, 'Virement'),
(5, 'Divers');

-- --------------------------------------------------------

--
-- Structure de la table `organisme`
--

CREATE TABLE IF NOT EXISTS `organisme` (
  `id` int NOT NULL AUTO_INCREMENT,
  `titre` varchar(10) CHARACTER SET utf8mb4 COLLATE utf8mb4_unicode_ci DEFAULT NULL,
  `prenom` varchar(40) CHARACTER SET utf8mb4 COLLATE utf8mb4_unicode_ci DEFAULT NULL,
  `nom` varchar(50) CHARACTER SET utf8mb4 COLLATE utf8mb4_unicode_ci NOT NULL,
  `mail_perso` varchar(50) CHARACTER SET utf8mb4 COLLATE utf8mb4_unicode_ci DEFAULT NULL,
  `mail_pro` varchar(50) CHARACTER SET utf8mb4 COLLATE utf8mb4_unicode_ci DEFAULT NULL,
  `num_tel` varchar(14) CHARACTER SET utf8mb4 COLLATE utf8mb4_unicode_ci DEFAULT NULL,
  `num_por` varchar(14) CHARACTER SET utf8mb4 COLLATE utf8mb4_unicode_ci DEFAULT NULL,
  `num_pro` varchar(50) CHARACTER SET utf8mb4 COLLATE utf8mb4_unicode_ci DEFAULT NULL,
  `adresse1` varchar(50) CHARACTER SET utf8mb4 COLLATE utf8mb4_unicode_ci DEFAULT NULL,
  `adresse2` varchar(50) CHARACTER SET utf8mb4 COLLATE utf8mb4_unicode_ci DEFAULT NULL,
  `adresse3` varchar(50) CHARACTER SET utf8mb4 COLLATE utf8mb4_unicode_ci DEFAULT NULL,
  `cp` varchar(5) CHARACTER SET utf8mb4 COLLATE utf8mb4_unicode_ci DEFAULT NULL,
  `ville` varchar(50) CHARACTER SET utf8mb4 COLLATE utf8mb4_unicode_ci DEFAULT NULL,
  `observations` varchar(150) CHARACTER SET utf8mb4 COLLATE utf8mb4_unicode_ci DEFAULT NULL,
  `actif` varchar(5) CHARACTER SET utf8mb4 COLLATE utf8mb4_unicode_ci DEFAULT NULL,
  PRIMARY KEY (`id`)
) ENGINE=InnoDB AUTO_INCREMENT=6 DEFAULT CHARSET=utf8mb4 COLLATE=utf8mb4_unicode_ci;

--
-- Déchargement des données de la table `organisme`
--

INSERT INTO `organisme` (`id`, `titre`, `prenom`, `nom`, `mail_perso`, `mail_pro`, `num_tel`, `num_por`, `num_pro`, `adresse1`, `adresse2`, `adresse3`, `cp`, `ville`, `observations`, `actif`) VALUES
(1, NULL, NULL, 'Association Diocésaine de Bayeux - Lisieux', '', 'asso.dio@diocese_bayeux.fr', NULL, NULL, NULL, '1, rue Nicolas Oresme', NULL, NULL, '14000', 'CAEN', NULL, 'AC'),
(2, 'Mr', 'Grand', 'Bienfaiteur', NULL, NULL, NULL, NULL, NULL, '2, rue du don', NULL, NULL, '14000', 'Caen', NULL, 'IN'),
(3, NULL, NULL, 'Association Diocésaine de Coutances-Avranches', NULL, NULL, NULL, NULL, NULL, '1, rue des fidèles', NULL, NULL, '50200', 'COUTANCES', NULL, 'AC'),
(4, NULL, NULL, 'Association Diocésaine de Sées', NULL, NULL, NULL, NULL, NULL, '1, rue Cathédrale Notre-Dame', NULL, NULL, '61500', 'SÉES', NULL, 'AC'),
(5, NULL, NULL, 'Association Diocésaine de Rouen', NULL, NULL, NULL, NULL, NULL, '1, rue des fidèles', NULL, NULL, '76000', 'ROUEN', NULL, 'AC');

-- --------------------------------------------------------

--
-- Structure de la table `reglement`
--

CREATE TABLE IF NOT EXISTS `reglement` (
  `id` int NOT NULL AUTO_INCREMENT,
  `moyen_paiement_id` int NOT NULL,
  `etudiant_id` int DEFAULT NULL,
  `organisme_id` int DEFAULT NULL,
  `date_paiement` date NOT NULL,
  `montant` double NOT NULL,
  PRIMARY KEY (`id`),
  KEY `IDX_EBE4C14C9C7E259C` (`moyen_paiement_id`),
  KEY `IDX_EBE4C14CDDEAB1A3` (`etudiant_id`),
  KEY `IDX_EBE4C14C5DDD38F5` (`organisme_id`)
) ENGINE=InnoDB DEFAULT CHARSET=utf8mb4 COLLATE=utf8mb4_unicode_ci;

-- --------------------------------------------------------

--
-- Structure de la table `tarif`
--

CREATE TABLE IF NOT EXISTS `tarif` (
  `id` int NOT NULL AUTO_INCREMENT,
  `cours_id` int NOT NULL,
  `type_tarif_id` int NOT NULL,
  `valeur` double NOT NULL,
  PRIMARY KEY (`id`),
  KEY `IDX_E7189C97ECF78B0` (`cours_id`),
  KEY `IDX_E7189C9F8832DA5` (`type_tarif_id`)
) ENGINE=InnoDB AUTO_INCREMENT=192 DEFAULT CHARSET=utf8mb4 COLLATE=utf8mb4_unicode_ci;

--
-- Déchargement des données de la table `tarif`
--

INSERT INTO `tarif` (`id`, `cours_id`, `type_tarif_id`, `valeur`) VALUES
(1, 1, 1, 8),
(2, 1, 2, 7),
(3, 1, 3, 4.5),
(4, 1, 4, 18),
(5, 1, 5, 0),
(6, 2, 1, 8),
(7, 2, 2, 7),
(8, 2, 3, 4.5),
(9, 2, 4, 18),
(10, 2, 5, 0),
(11, 3, 1, 8),
(12, 3, 2, 7),
(13, 3, 3, 4.5),
(14, 3, 4, 18),
(15, 3, 5, 0),
(16, 4, 1, 8),
(17, 4, 2, 7),
(18, 4, 3, 4.5),
(19, 4, 4, 18),
(20, 4, 5, 0),
(21, 5, 1, 8),
(22, 5, 2, 7),
(23, 5, 3, 4.5),
(24, 5, 4, 18),
(25, 5, 5, 0),
(26, 6, 1, 8),
(27, 6, 2, 7),
(28, 6, 3, 4.5),
(29, 6, 4, 18),
(30, 6, 5, 0),
(31, 7, 1, 8),
(32, 7, 2, 7),
(33, 7, 3, 4.5),
(34, 7, 4, 18),
(35, 7, 5, 0),
(36, 8, 1, 8),
(37, 8, 2, 7),
(38, 8, 3, 4.5),
(39, 8, 4, 18),
(40, 8, 5, 0),
(41, 9, 1, 10),
(42, 9, 2, 8.5),
(43, 9, 3, 5.5),
(44, 9, 4, 21),
(45, 9, 5, 0),
(46, 10, 1, 8),
(47, 10, 2, 7),
(48, 10, 3, 4.5),
(49, 10, 4, 18),
(50, 10, 5, 0),
(51, 11, 1, 8),
(52, 11, 2, 7),
(53, 11, 3, 4.5),
(54, 11, 4, 18),
(55, 11, 5, 0),
(56, 12, 1, 8),
(57, 12, 2, 7),
(58, 12, 3, 4.5),
(59, 12, 4, 18),
(60, 12, 5, 0),
(61, 13, 1, 8),
(62, 13, 2, 7),
(63, 13, 3, 4.5),
(64, 13, 4, 18),
(65, 13, 5, 0),
(66, 14, 1, 8),
(67, 14, 2, 7),
(68, 14, 3, 4.5),
(69, 14, 4, 18),
(70, 14, 5, 0),
(71, 15, 1, 8),
(72, 15, 2, 7),
(73, 15, 3, 4.5),
(74, 15, 4, 18),
(75, 15, 5, 0),
(76, 16, 1, 8),
(77, 16, 2, 7),
(78, 16, 3, 4.5),
(79, 16, 4, 18),
(80, 16, 5, 0),
(81, 17, 1, 8),
(82, 17, 2, 7),
(83, 17, 3, 4.5),
(84, 17, 4, 18),
(85, 17, 5, 0),
(86, 18, 1, 8),
(87, 18, 2, 7),
(88, 18, 3, 4.5),
(89, 18, 4, 18),
(90, 18, 5, 0),
(91, 19, 1, 8),
(92, 19, 2, 7),
(93, 19, 3, 4.5),
(94, 19, 4, 18),
(95, 19, 5, 0),
(96, 20, 1, 8),
(97, 20, 2, 7),
(98, 20, 3, 4.5),
(99, 20, 4, 18),
(100, 20, 5, 0),
(101, 21, 1, 8),
(102, 21, 2, 7),
(103, 21, 3, 4.5),
(104, 21, 4, 18),
(105, 21, 5, 0),
(106, 22, 1, 8),
(107, 22, 2, 7),
(108, 22, 3, 4.5),
(109, 22, 4, 18),
(110, 22, 5, 0),
(111, 23, 1, 8),
(112, 23, 2, 7),
(113, 23, 3, 4.5),
(114, 23, 4, 18),
(115, 23, 5, 0),
(116, 24, 1, 8),
(117, 24, 2, 7),
(118, 24, 3, 4.5),
(119, 24, 4, 18),
(120, 24, 5, 0),
(121, 25, 1, 8),
(122, 25, 2, 7),
(123, 25, 3, 4.5),
(124, 25, 4, 18),
(125, 25, 5, 0),
(126, 26, 1, 8),
(127, 26, 2, 7),
(128, 26, 3, 4.5),
(129, 26, 4, 18),
(130, 26, 5, 0),
(131, 27, 1, 8),
(132, 27, 2, 7),
(133, 27, 3, 4.5),
(134, 27, 4, 18),
(135, 27, 5, 0),
(136, 28, 1, 8),
(137, 28, 2, 7),
(138, 28, 3, 4.5),
(139, 28, 4, 18),
(140, 28, 5, 0),
(141, 29, 1, 8),
(142, 29, 2, 7),
(143, 29, 3, 4.5),
(144, 29, 4, 18),
(145, 29, 5, 0),
(146, 30, 1, 8),
(147, 30, 2, 7),
(148, 30, 3, 4.5),
(149, 30, 4, 18),
(150, 30, 5, 0),
(151, 31, 1, 10),
(152, 31, 2, 8.5),
(153, 31, 3, 5.5),
(154, 31, 4, 21),
(155, 31, 5, 0),
(156, 32, 1, 8),
(157, 32, 2, 7),
(158, 32, 3, 4.5),
(159, 32, 4, 18),
(160, 32, 5, 0),
(161, 33, 1, 8),
(162, 33, 2, 7),
(163, 33, 3, 4.5),
(164, 33, 4, 18),
(165, 33, 5, 0),
(166, 34, 1, 10),
(167, 34, 2, 8.5),
(168, 34, 3, 5.5),
(169, 34, 4, 21),
(170, 34, 5, 0),
(171, 35, 1, 8),
(172, 35, 2, 7),
(173, 35, 3, 4.5),
(175, 35, 4, 18),
(176, 35, 5, 0),
(177, 36, 1, 8),
(178, 36, 2, 7),
(179, 36, 3, 4.5),
(180, 36, 4, 18),
(181, 36, 5, 0),
(182, 37, 1, 8),
(183, 37, 2, 7),
(184, 37, 3, 4.5),
(185, 37, 4, 18),
(186, 37, 5, 0),
(187, 38, 1, 8),
(188, 38, 2, 7),
(189, 38, 3, 4.5),
(190, 38, 4, 18),
(191, 38, 5, 0);

-- --------------------------------------------------------

--
-- Structure de la table `type_tarif`
--

CREATE TABLE IF NOT EXISTS `type_tarif` (
  `id` int NOT NULL AUTO_INCREMENT,
  `intitule` varchar(10) CHARACTER SET utf8mb4 COLLATE utf8mb4_unicode_ci NOT NULL,
  PRIMARY KEY (`id`)
) ENGINE=InnoDB AUTO_INCREMENT=7 DEFAULT CHARSET=utf8mb4 COLLATE=utf8mb4_unicode_ci;

--
-- Déchargement des données de la table `type_tarif`
--

INSERT INTO `type_tarif` (`id`, `intitule`) VALUES
(1, 'Base'),
(2, 'Fidélité'),
(3, 'Réduit'),
(4, 'Pro'),
(5, 'Gratuit'),
(6, 'Autre');

--
-- Contraintes pour les tables déchargées
--

--
-- Contraintes pour la table `cours`
--
ALTER TABLE `cours`
  ADD CONSTRAINT `FK_FDCA8C9C463CD7C3` FOREIGN KEY (`centre_id`) REFERENCES `centre` (`id`),
  ADD CONSTRAINT `FK_FDCA8C9C543EC5F0` FOREIGN KEY (`annee_id`) REFERENCES `annee` (`id`),
  ADD CONSTRAINT `FK_FDCA8C9C67A3C51B` FOREIGN KEY (`suppleant_id`) REFERENCES `enseignant` (`id`),
  ADD CONSTRAINT `FK_FDCA8C9C6AB213CC` FOREIGN KEY (`lieu_id`) REFERENCES `lieu` (`id`),
  ADD CONSTRAINT `FK_FDCA8C9CE455FCC0` FOREIGN KEY (`enseignant_id`) REFERENCES `enseignant` (`id`);

--
-- Contraintes pour la table `enseignant`
--
ALTER TABLE `enseignant`
  ADD CONSTRAINT `FK_81A72FA1A1E07A99` FOREIGN KEY (`lieu_exclusif_id`) REFERENCES `lieu` (`id`);

--
-- Contraintes pour la table `etudiant`
--
ALTER TABLE `etudiant`
  ADD CONSTRAINT `FK_717E22E3B600009` FOREIGN KEY (`diocese_id`) REFERENCES `diocese` (`id`);

--
-- Contraintes pour la table `inscription`
--
ALTER TABLE `inscription`
  ADD CONSTRAINT `FK_5E90F6D6463CD7C3` FOREIGN KEY (`centre_id`) REFERENCES `centre` (`id`),
  ADD CONSTRAINT `FK_5E90F6D65DDD38F5` FOREIGN KEY (`organisme_id`) REFERENCES `organisme` (`id`),
  ADD CONSTRAINT `FK_5E90F6D67ECF78B0` FOREIGN KEY (`cours_id`) REFERENCES `cours` (`id`),
  ADD CONSTRAINT `FK_5E90F6D6DDEAB1A3` FOREIGN KEY (`etudiant_id`) REFERENCES `etudiant` (`id`),
  ADD CONSTRAINT `FK_5E90F6D6F8832DA5` FOREIGN KEY (`type_tarif_id`) REFERENCES `type_tarif` (`id`);

--
-- Contraintes pour la table `reglement`
--
ALTER TABLE `reglement`
  ADD CONSTRAINT `FK_EBE4C14C5DDD38F5` FOREIGN KEY (`organisme_id`) REFERENCES `organisme` (`id`),
  ADD CONSTRAINT `FK_EBE4C14C9C7E259C` FOREIGN KEY (`moyen_paiement_id`) REFERENCES `moyen_paiement` (`id`),
  ADD CONSTRAINT `FK_EBE4C14CDDEAB1A3` FOREIGN KEY (`etudiant_id`) REFERENCES `etudiant` (`id`);

--
-- Contraintes pour la table `tarif`
--
ALTER TABLE `tarif`
  ADD CONSTRAINT `FK_E7189C97ECF78B0` FOREIGN KEY (`cours_id`) REFERENCES `cours` (`id`),
  ADD CONSTRAINT `FK_E7189C9F8832DA5` FOREIGN KEY (`type_tarif_id`) REFERENCES `type_tarif` (`id`);
COMMIT;

